ns digit of 5245326?
2
What is the hundred thousands digit of 145430?
1
What is the thousands digit of 336902?
6
What is the ten thousands digit of 492377?
9
What is the ten thousands digit of 2141616?
4
What is the hundreds digit of 16106722?
7
What is the millions digit of 3259677?
3
What is the millions digit of 7210645?
7
What is the ten thousands digit of 513892?
1
What is the millions digit of 1766374?
1
What is the units digit of 256274?
4
What is the thousands digit of 18650?
8
What is the tens digit of 4636714?
1
What is the hundreds digit of 2640101?
1
What is the hundreds digit of 265747?
7
What is the units digit of 567986?
6
What is the hundreds digit of 331387?
3
What is the thousands digit of 696362?
6
What is the units digit of 1960519?
9
What is the thousands digit of 771943?
1
What is the tens digit of 14016?
1
What is the millions digit of 1785288?
1
What is the thousands digit of 14220666?
0
What is the hundreds digit of 69764?
7
What is the ten millions digit of 19293120?
1
What is the thousands digit of 9266830?
6
What is the tens digit of 428371?
7
What is the thousands digit of 5830076?
0
What is the hundred thousands digit of 116874?
1
What is the tens digit of 11582848?
4
What is the thousands digit of 241304?
1
What is the ten thousands digit of 565336?
6
What is the thousands digit of 4340542?
0
What is the hundreds digit of 21717276?
2
What is the millions digit of 1074942?
1
What is the hundreds digit of 290272?
2
What is the tens digit of 459786?
8
What is the thousands digit of 3024522?
4
What is the tens digit of 2452885?
8
What is the thousands digit of 544817?
4
What is the hundreds digit of 54386?
3
What is the hundreds digit of 1948466?
4
What is the hundred thousands digit of 9146410?
1
What is the hundred thousands digit of 1426588?
4
What is the thousands digit of 2047624?
7
What is the hundreds digit of 3818764?
7
What is the thousands digit of 2360156?
0
What is the hundred thousands digit of 1912764?
9
What is the units digit of 4583132?
2
What is the thousands digit of 610004?
0
What is the units digit of 157257?
7
What is the hundreds digit of 9017683?
6
What is the thousands digit of 57884?
7
What is the thousands digit of 2210003?
0
What is the hundred thousands digit of 322714?
3
What is the thousands digit of 3245738?
5
What is the units digit of 6005959?
9
What is the units digit of 2553474?
4
What is the millions digit of 2887065?
2
What is the thousands digit of 90672?
0
What is the hundred thousands digit of 633138?
6
What is the tens digit of 5577952?
5
What is the tens digit of 19480313?
1
What is the hundred thousands digit of 460194?
4
What is the thousands digit of 15095795?
5
What is the hundreds digit of 8555827?
8
What is the tens digit of 5816567?
6
What is the hundreds digit of 386252?
2
What is the hundreds digit of 2068845?
8
What is the ten millions digit of 28940717?
2
What is the ten thousands digit of 251312?
5
What is the ten thousands digit of 25126?
2
What is the tens digit of 8986795?
9
What is the millions digit of 2055136?
2
What is the millions digit of 1867124?
1
What is the ten thousands digit of 553116?
5
What is the hundred thousands digit of 374605?
3
What is the millions digit of 3147801?
3
What is the tens digit of 204479?
7
What is the ten thousands digit of 1477349?
7
What is the thousands digit of 1528020?
8
What is the ten millions digit of 33881740?
3
What is the hundreds digit of 4440363?
3
What is the thousands digit of 301022?
1
What is the ten thousands digit of 988191?
8
What is the units digit of 676496?
6
What is the hundreds digit of 23343?
3
What is the thousands digit of 95622?
5
What is the hundred thousands digit of 737444?
7
What is the hundreds digit of 142298?
2
What is the ten millions digit of 39697329?
3
What is the ten thousands digit of 10604055?
0
What is the ten millions digit of 17614571?
1
What is the ten thousands digit of 270505?
7
What is the hundred thousands digit of 786462?
7
What is the hundred thousands digit of 259100?
2
What is the hundreds digit of 13065?
0
What is the thousands digit of 3839450?
9
What is the ten thousands digit of 2446143?
4
What is the millions digit of 1325797?
1
What is the units digit of 136922?
2
What is the tens digit of 496173?
7
What is the millions digit of 10758765?
0
What is the hundred thousands digit of 10629204?
6
What is the units digit of 8191842?
2
What is the thousands digit of 22028324?
8
What is the ten thousands digit of 20378005?
7
What is the hundred thousands digit of 8633231?
6
What is the ten thousands digit of 5546457?
4
What is the thousands digit of 691010?
1
What is the ten thousands digit of 4892013?
9
What is the millions digit of 1761177?
1
What is the tens digit of 1050009?
0
What is the tens digit of 1123570?
7
What is the units digit of 925734?
4
What is the hundreds digit of 342968?
9
What is the ten thousands digit of 11918913?
1
What is the tens digit of 3434294?
9
What is the thousands digit of 9251327?
1
What is the units digit of 281796?
6
What is the tens digit of 37363?
6
What is the tens digit of 16138527?
2
What is the tens digit of 8715802?
0
What is the hundreds digit of 632263?
2
What is the thousands digit of 1057203?
7
What is the units digit of 20263415?
5
What is the hundreds digit of 5117425?
4
What is the units digit of 4303766?
6
What is the thousands digit of 756162?
6
What is the tens digit of 143131?
3
What is the hundred thousands digit of 429387?
4
What is the tens digit of 1055547?
4
What is the hundreds digit of 2479048?
0
What is the hundred thousands digit of 27837908?
8
What is the ten thousands digit of 13837613?
3
What is the thousands digit of 108348?
8
What is the hundreds digit of 1201161?
1
What is the thousands digit of 1009651?
9
What is the ten thousands digit of 856161?
5
What is the ten thousands digit of 49486?
4
What is the tens digit of 376306?
0
What is the tens digit of 5783059?
5
What is the tens digit of 20258945?
4
What is the ten millions digit of 13944889?
1
What is the hundreds digit of 1035493?
4
What is the units digit of 1445320?
0
What is the thousands digit of 6834993?
4
What is the hundred thousands digit of 13293457?
2
What is the hundred thousands digit of 280890?
2
What is the units digit of 4694710?
0
What is the hundred thousands digit of 1366035?
3
What is the hundred thousands digit of 5440329?
4
What is the thousands digit of 3753919?
3
What is the hundreds digit of 27729?
7
What is the ten thousands digit of 4261715?
6
What is the ten thousands digit of 9072143?
7
What is the units digit of 51909?
9
What is the millions digit of 6122441?
6
What is the hundred thousands digit of 201865?
2
What is the hundreds digit of 15695030?
0
What is the units digit of 154781?
1
What is the thousands digit of 180861?
0
What is the millions digit of 28328011?
8
What is the thousands digit of 7000159?
0
What is the hundred thousands digit of 1976310?
9
What is the thousands digit of 255097?
5
What is the hundreds digit of 597024?
0
What is the hundreds digit of 223898?
8
What is the tens digit of 236936?
3
What is the hundred thousands digit of 618479?
6
What is the units digit of 23433?
3
What is the ten millions digit of 24841924?
2
What is the thousands digit of 730956?
0
What is the hundreds digit of 691817?
8
What is the hundred thousands digit of 2598842?
5
What is the units digit of 12015628?
8
What is the ten millions digit of 24302776?
2
What is the hundreds digit of 779039?
0
What is the units digit of 15044173?
3
What is the units digit of 436589?
9
What is the hundred thousands digit of 9215085?
2
What is the tens digit of 467401?
0
What is the units digit of 114461?
1
What is the ten thousands digit of 44153?
4
What is the thousands digit of 1566451?
6
What is the hundreds digit of 32067181?
1
What is the tens digit of 551019?
1
What is the hundred thousands digit of 182394?
1
What is the hundred thousands digit of 564600?
5
What is the tens digit of 14941304?
0
What is the units digit of 209975?
5
What is the thousands digit of 2957523?
7
What is the hundred thousands digit of 3918510?
9
What is the thousands digit of 95857?
5
What is the thousands digit of 7273263?
3
What is the millions digit of 10